What are the prime factors of 1238150258?
2, 619075129
What are the prime factors of 367763288?
2, 45970411
List the prime factors of 19197470.
2, 5, 439, 4373
List the prime factors of 3271786664.
2, 408973333
List the prime factors of 46031178.
2, 3, 29, 137, 1931
List the prime factors of 5892548.
2, 43, 34259
List the prime factors of 1135307525.
5, 11, 4128391
What are the prime factors of 29525640?
2, 3, 5, 31, 7937
What are the prime factors of 245091688?
2, 30636461
What are the prime factors of 1609608840?
2, 3, 5, 7, 457, 599
List the prime factors of 60117089.
47, 1279087
What are the prime factors of 2391502092?
2, 3, 7, 28470263
List the prime factors of 106471077.
3, 1693, 20963
List the prime factors of 3428482647.
3, 577, 1980637
List the prime factors of 373011782.
2, 11, 13, 139, 853
What are the prime factors of 5946315?
3, 5, 59, 6719
List the prime factors of 497254027.
41, 73, 103, 1613
What are the prime factors of 125195931?
3, 7, 313, 907
List the prime factors of 140116496.
2, 13, 673637
List the prime factors of 86180338.
2, 43090169
List the prime factors of 294506833.
294506833
List the prime factors of 96640911.
3, 197, 18169
What are the prime factors of 63492808?
2, 227, 34963
List the prime factors of 57801669.
3, 29, 379, 1753
What are the prime factors of 3812921178?
2, 3, 11, 19, 1439, 2113
List the prime factors of 712351562.
2, 13, 293, 7193
List the prime factors of 74311051.
2683, 27697
List the prime factors of 84211395.
3, 5, 23, 244091
List the prime factors of 61248333.
3, 23, 887657
What are the prime factors of 1032813426?
2, 3, 9791, 17581
What are the prime factors of 99798206?
2, 49899103
What are the prime factors of 519758497?
103, 5046199
List the prime factors of 627027.
3, 47, 4447
What are the prime factors of 261932050?
2, 5, 23, 239, 953
List the prime factors of 816313519.
7, 8377, 13921
What are the prime factors of 78359174?
2, 1367, 28661
What are the prime factors of 196174906?
2, 98087453
What are the prime factors of 177839385?
3, 5, 11855959
List the prime factors of 5773581684.
2, 3, 13, 17, 137, 5297
What are the prime factors of 58165274?
2, 53, 97, 5657
List the prime factors of 5127091901.
151, 33954251
What are the prime factors of 2316598?
2, 257, 4507
What are the prime factors of 579337936?
2, 36208621
List the prime factors of 2046865781.
1693, 1209017
What are the prime factors of 1132465031?
37, 83, 499, 739
What are the prime factors of 1933829516?
2, 483457379
What are the prime factors of 2742485275?
5, 61, 1798351
List the prime factors of 46196615.
5, 9239323
List the prime factors of 142343317.
61, 2333497
What are the prime factors of 156224609?
156224609
What are the prime factors of 859132783?
97, 8857039
List the prime factors of 2110842099.
3, 965177
List the prime factors of 2904729076.
2, 726182269
What are the prime factors of 285381444?
2, 3, 19, 37, 33829
List the prime factors of 167280303.
3, 73, 419, 1823
What are the prime factors of 270968372?
2, 17, 229, 17401
What are the prime factors of 4716355272?
2, 3, 131, 1500113
List the prime factors of 123537642.
2, 3, 20589607
What are the prime factors of 262293216?
2, 3, 2732221
List the prime factors of 238878144.
2, 3, 229, 1811
What are the prime factors of 774903963?
3, 258301321
List the prime factors of 365836346.
2, 43, 853, 4987
What are the prime factors of 55438513?
13, 17, 250853
List the prime factors of 1085916184.
2, 135739523
What are the prime factors of 130890245?
5, 41, 638489
What are the prime factors of 173090092?
2, 7, 151, 40939
What are the prime factors of 39396607?
449, 87743
What are the prime factors of 1675331795?
5, 335066359
What are the prime factors of 194088745?
5, 17, 569, 4013
List the prime factors of 175022992.
2, 10938937
List the prime factors of 181866304.
2, 229, 12409
List the prime factors of 15922341.
3, 43, 41143
What are the prime factors of 225997682?
2, 112998841
List the prime factors of 3686632997.
3686632997
List the prime factors of 152439995.
5, 30487999
List the prime factors of 11774144.
2, 183971
What are the prime factors of 27806333?
23, 163, 7417
List the prime factors of 367737492.
2, 3, 30644791
What are the prime factors of 1408635844?
2, 7, 11, 17, 269029
List the prime factors of 245511340.
2, 5, 12275567
What are the prime factors of 794092813?
3691, 215143
What are the prime factors of 188471401?
17, 11086553
List the prime factors of 16003347.
3, 31, 172079
List the prime factors of 351255863.
7, 43, 47, 3547
What are the prime factors of 2119466256?
2, 3, 44155547
What are the prime factors of 17977175?
5, 557, 1291
List the prime factors of 46985179.
3229, 14551
What are the prime factors of 5377124337?
3, 13, 137874983
What are the prime factors of 205723229?
107, 499, 3853
List the prime factors of 21364712.
2, 2670589
What are the prime factors of 26275334?
2, 29, 453023
List the prime factors of 113913939.
3, 37971313
List the prime factors of 103221333.
3, 61, 188017
What are the prime factors of 149787746?
2, 67, 1117819
What are the prime factors of 21933505?
5, 11, 19, 139, 151
What are the prime factors of 112799654?
2, 11, 5127257
What are the prime factors of 512903456?
2, 13, 1232941
List the prime factors of 75138140.
2, 5, 7, 11, 97, 503
What are the prime factors of 1340185401?
3, 47, 53, 59779
List the prime factors of 1351344056.
2, 168918007
What are the prime factors of 28527981?
3, 23, 643
What are the prime factors of 800897740?
2, 5, 40044887
List the prime factors of 569041904.
2, 35565119
What are the prime factors of 74802730?
2, 5, 79, 94687
List the prime factors of 597127811.
7, 85303973
List the prime factors of 123235190.
2, 5, 13, 947963
What are the prime factors of 419576373?
3, 19, 23, 106681
What are the prime factors of 272971696?
2, 17060731
What are the prime factors of 16207782?
2, 3, 2701297
What are the prime factors of 825782878?
2, 9277, 44507
List the prime factors of 84684515.
5, 859, 19717
What are the prime factors of 5271083788?
2, 23, 37, 1548497
What are the prime factors of 104701635?
3, 5, 23, 101161
List the prime factors of 630842719.
13, 179, 271097
List the prime factors of 87232379.
13, 41, 61, 2683
List the prime factors of 1718504448.
2, 3, 71, 7879
What are the prime factors of 795799277?
7, 13, 1487, 5881
List the prime factors of 1644891544.
2, 131, 1569553
List the prime factors of 1255467312.
2, 3, 11, 792593
List the prime factors of 2549363736.
2, 3, 8699, 12211
List the prime factors of 313657737.
3, 104552579
List the prime factors of 1238193659.
197, 6285247
What are the prime factors of 2764350518?
2, 17, 937, 86771
List the prime factors of 63338347.
63338347
What are the prime factors of 9473761?
11, 19, 45329
What are the prime factors of 36730924?
2, 9182731
List the prime factors of 68161016.
2, 7, 11, 110651
List the prime factors of 178022535.
3, 5, 11868169
What are the prime factors of 2462981159?
523, 4709333
List the prime factors of 1508489625.
3, 5, 769, 5231
List the prime factors of 77307601.
7, 11043943
What are the prime factors of 4058494699?
7, 107, 5418551
What are the prime factors of 2294367490?
2, 5, 89, 2577941
What are the prime factors of 1709276400?
2, 3, 5, 13, 36523
What are the prime factors of 5327600?
2, 5, 19, 701
What are the prime factors of 62725381?
1699, 36919
What are the prime factors of 374134372?
2, 93533593
List the prime factors of 313730013.
3, 31, 109, 30949
What are the prime factors of 112601466?
2, 3, 101, 241, 257
What are the prime factors of 555389070?
2, 3, 5, 157, 117917
List the prime factors of 3273851926.
2, 191, 8570293
What are the prime factors of 93278522?
2, 71, 656891
What are the prime factors of 359101296?
2, 3, 831253
What are the prime factors of 117153974?
2, 7, 41, 204101
List the prime factors of 2178304454.
2, 1109, 982103
List the prime factors of 674109179.
37, 1453, 12539
List the prime factors of 681263083.
17, 73, 548963
List the prime factors of 451220590.
2, 5, 1013, 44543
List the prime factors of 290239003.
19, 15275737
What are the prime factors of 844167823?
844167823
List the prime factors of 142118144.
2, 7, 71, 1117
List the prime factors of 553451722.
2, 19, 79, 107, 1723
L